4969487 is divided by 95.
92
What is the remainder when 1508373 is divided by 1508036?
337
What is the remainder when 1195860 is divided by 4?
0
Calculate the remainder when 4490234 is divided by 2871.
2861
Calculate the remainder when 21259271 is divided by 6.
5
Calculate the remainder when 5429646 is divided by 486.
54
Calculate the remainder when 12889 is divided by 2050.
589
Calculate the remainder when 77057 is divided by 76669.
388
Calculate the remainder when 165981 is divided by 23354.
2503
What is the remainder when 1200081374 is divided by 416?
414
Calculate the remainder when 2748522 is divided by 2748492.
30
Calculate the remainder when 14191782 is divided by 753.
744
Calculate the remainder when 2565451 is divided by 187.
185
What is the remainder when 63430655 is divided by 1286?
1277
What is the remainder when 348454 is divided by 3252?
490
What is the remainder when 19669557 is divided by 398?
397
Calculate the remainder when 958118 is divided by 24567.
5
What is the remainder when 1750925 is divided by 666?
11
Calculate the remainder when 4803 is divided by 133.
15
What is the remainder when 841488 is divided by 4701?
9
What is the remainder when 2049052 is divided by 213?
205
What is the remainder when 476489 is divided by 4?
1
Calculate the remainder when 2163913 is divided by 554.
543
What is the remainder when 7310390 is divided by 2436694?
308
What is the remainder when 5756359 is divided by 394?
19
What is the remainder when 415934 is divided by 3680?
94
Calculate the remainder when 7433039 is divided by 269.
31
Calculate the remainder when 680092 is divided by 135983.
177
Calculate the remainder when 270918 is divided by 67641.
354
Calculate the remainder when 1115655 is divided by 3782.
3747
Calculate the remainder when 60508 is divided by 909.
514
What is the remainder when 232260 is divided by 353?
339
Calculate the remainder when 17745658 is divided by 1813.
14
Calculate the remainder when 112302 is divided by 3208.
22
What is the remainder when 16404180 is divided by 2673?
2652
What is the remainder when 1897374 is divided by 2227?
2197
Calculate the remainder when 552190 is divided by 110436.
10
Calculate the remainder when 52556 is divided by 170.
26
Calculate the remainder when 1021218 is divided by 10749.
63
What is the remainder when 106775637 is divided by 35591872?
21
What is the remainder when 85575237 is divided by 210?
27
Calculate the remainder when 256809 is divided by 85570.
99
What is the remainder when 198420 is divided by 477?
465
What is the remainder when 258612 is divided by 1034?
112
Calculate the remainder when 958209 is divided by 2618.
21
What is the remainder when 72791315 is divided by 779?
776
Calculate the remainder when 67203763 is divided by 6720376.
3
Calculate the remainder when 2619492 is divided by 48.
36
Calculate the remainder when 465999 is divided by 116491.
35
Calculate the remainder when 79614 is divided by 1035.
954
Calculate the remainder when 1730916 is divided by 7870.
7386
What is the remainder when 4755759 is divided by 5821?
2
What is the remainder when 1487671 is divided by 7017?
67
Calculate the remainder when 3660195 is divided by 1169.
56
Calculate the remainder when 7670780 is divided by 1408.
1404
What is the remainder when 1134619 is divided by 21407?
48
What is the remainder when 312606 is divided by 11?
8
Calculate the remainder when 1963581 is divided by 60.
21
What is the remainder when 59919693 is divided by 118?
1
Calculate the remainder when 269066089 is divided by 20261.
9
Calculate the remainder when 20356456 is divided by 155.
151
What is the remainder when 1217742 is divided by 1217717?
25
What is the remainder when 82647 is divided by 5430?
1197
Calculate the remainder when 8077654 is divided by 90.
64
What is the remainder when 33909582 is divided by 232?
230
Calculate the remainder when 213976 is divided by 103.
45
Calculate the remainder when 406604 is divided by 30.
14
Calculate the remainder when 9793 is divided by 360.
73
What is the remainder when 284302 is divided by 46?
22
Calculate the remainder when 89834 is divided by 190.
154
What is the remainder when 3436636 is divided by 76?
68
Calculate the remainder when 412860 is divided by 520.
500
What is the remainder when 424890 is divided by 1?
0
Calculate the remainder when 4834806 is divided by 66230.
16
Calculate the remainder when 126137192 is divided by 383.
355
Calculate the remainder when 28617 is divided by 2041.
43
Calculate the remainder when 681162 is divided by 22656.
1482
Calculate the remainder when 57665 is divided by 2214.
101
What is the remainder when 9138645 is divided by 4017?
3987
What is the remainder when 3368733 is divided by 8?
5
What is the remainder when 12653920 is divided by 942?
34
Calculate the remainder when 2930011 is divided by 585998.
21
What is the remainder when 20497452 is divided by 1419?
1416
Calculate the remainder when 89291226 is divided by 245.
241
Calculate the remainder when 101173 is divided by 33545.
538
What is the remainder when 2634482 is divided by 526870?
132
Calculate the remainder when 39675695 is divided by 6258.
6233
What is the remainder when 312146 is divided by 637?
16
What is the remainder when 5645425 is divided by 1212?
1141
What is the remainder when 204712 is divided by 12041?
15
What is the remainder when 63528875 is divided by 581?
11
What is the remainder when 64723 is divided by 7176?
139
Calculate the remainder when 176063499 is divided by 8189.
8188
Calculate the remainder when 1032704 is divided by 125.
79
What is the remainder when 580838 is divided by 880?
38
Calculate the remainder when 37129316 is divided by 90.
86
What is the remainder when 2201542 is divided by 203?
7
What is the remainder when 1046424 is divided by 6540?
24
What is the remainder when 5650 is divided by 4690?
960
Calculate the remainder when 6062507 is divided by 273.
269
What is the remainder when 902674 is divided by 393?
346
What is the remainder when 138355210 is divided by 1001?
994
What is the remainder when 4020 is divided by 953?
208
Calculate the remainder when 32400 is divided by 15919.
562
Calculate the remainder when 893557 is divided by 1110.
7
Calculate the remainder when 136987 is divided by 11406.
115
Calculate the remainder when 385263 is divided by 2027.
133
Calculate the remainder when 11835376 is divided by 1409.
1185
Calculate the remainder when 396418 is divided by 1367.
1355
Calculate the remainder when 4484806 is divided by 7041.
6730
Calculate the remainder when 1936317 is divided by 92205.
12
What is the remainder when 38499704 is divided by 4277742?
26
What is the remainder when 4184636 is divided by 4964?
4948
What is the remainder when 374359 is divided by 408?
223
What is the remainder when 18257291 is divided by 4564321?
7
Calculate the remainder when 568658 is divided by 51605.
1003
What is the remainder when 3790258 is divided by 6404?
5494
What is the remainder when 47686283 is divided by 9537256?
3
Calculate the remainder when 6332 is divided by 14.
4
What is the remainder when 68427154 is divided by 1243?
4
What is the remainder when 8488266 is divided by 19?
16
What is the remainder when 100109 is divided by 32865?
1514
Calculate the remainder when 1306257 is divided by 1062.
1059
What is the remainder when 25788311 is divided by 1788?
1775
Calculate the remainder when 606831 is divided by 6880.
1391
What is the remainder when 35799687 is divided by 4171?
4165
What is the remainder when 36023501 is divided by 44?
41
Calculate the remainder when 177597 is divided by 795.
312
What is the remainder when 8825200 is divided by 687?
685
What is the remainder when 601641 is divided by 54008?
7553
What is the remainder when 4523978 is divided by 50?
28
Calculate the remainder when 32017 is divided by 31755.
262
Calculate the remainder when 3108893 is divided by 664.
45
What is the remainder when 8159061 is divided by 584?
581
Calculate the remainder when 7390077 is divided by 1067.
35
Calculate the remainder when 35425619 is divided by 85.
84
Calculate the remainder when 38281 is divided by 2192.
1017
Calculate the remainder when 35387458 is divided by 533.
522
What is the remainder when 326478 is divided by 917?
26
C